[INFO] cloning repository https://github.com/igrep/wasm2arm32
[INFO] running `Command { std: "git" "-c" "credential.helper=" "-c" "credential.helper=/workspace/cargo-home/bin/git-credential-null" "clone" "--bare" "https://github.com/igrep/wasm2arm32" "/workspace/cache/git-repos/https%3A%2F%2Fgithub.com%2Figrep%2Fwasm2arm32", kill_on_drop: false }`
[INFO] [stderr] Cloning into bare repository '/workspace/cache/git-repos/https%3A%2F%2Fgithub.com%2Figrep%2Fwasm2arm32'...
[INFO] running `Command { std: "git" "rev-parse" "HEAD", kill_on_drop: false }`
[INFO] [stdout] 8be2ac1977368fbb2e5a9d6eb39efd0e2aa11d63
[INFO] checking igrep/wasm2arm32 against master#af3c6e733a40e671550e0f0f5aeecaa13772ba56 for pr-74989
[INFO] running `Command { std: "git" "clone" "/workspace/cache/git-repos/https%3A%2F%2Fgithub.com%2Figrep%2Fwasm2arm32" "/workspace/builds/worker-1/source", kill_on_drop: false }`
[INFO] [stderr] Cloning into '/workspace/builds/worker-1/source'...
[INFO] [stderr] done.
[INFO] validating manifest of git repo https://github.com/igrep/wasm2arm32 on toolchain af3c6e733a40e671550e0f0f5aeecaa13772ba56
[INFO] running `Command { std: "/workspace/cargo-home/bin/cargo" "+af3c6e733a40e671550e0f0f5aeecaa13772ba56" "read-manifest" "--manifest-path" "Cargo.toml", kill_on_drop: false }`
[INFO] removed /workspace/builds/worker-1/source/.cargo/config
[INFO] started tweaking git repo https://github.com/igrep/wasm2arm32
[INFO] removed path dependency wasmer-runtime-core from git repo https://github.com/igrep/wasm2arm32
[INFO] finished tweaking git repo https://github.com/igrep/wasm2arm32
[INFO] tweaked toml for git repo https://github.com/igrep/wasm2arm32 written to /workspace/builds/worker-1/source/Cargo.toml
[INFO] crate git repo https://github.com/igrep/wasm2arm32 already has a lockfile, it will not be regenerated
[INFO] running `Command { std: "/workspace/cargo-home/bin/cargo" "+af3c6e733a40e671550e0f0f5aeecaa13772ba56" "fetch" "--locked" "--manifest-path" "Cargo.toml", kill_on_drop: false }`
[INFO] [stderr] warning: dependency (wasmer-runtime-core) specified without providing a local path, Git repository, or version to use. This will be considered an error in future versions
[INFO] [stderr]     Updating crates.io index
[INFO] [stderr] error: the lock file /workspace/builds/worker-1/source/Cargo.lock needs to be updated but --locked was passed to prevent this
[INFO] [stderr] If you want to try to generate the lock file without accessing the network, use the --offline flag.
[INFO] the lockfile is outdated, regenerating it
[INFO] running `Command { std: "/workspace/cargo-home/bin/cargo" "+af3c6e733a40e671550e0f0f5aeecaa13772ba56" "generate-lockfile" "--manifest-path" "Cargo.toml" "-Zno-index-update", kill_on_drop: false }`
[INFO] running `Command { std: "/workspace/cargo-home/bin/cargo" "+af3c6e733a40e671550e0f0f5aeecaa13772ba56" "fetch" "--locked" "--manifest-path" "Cargo.toml", kill_on_drop: false }`
[INFO] [stderr] warning: dependency (wasmer-runtime-core) specified without providing a local path, Git repository, or version to use. This will be considered an error in future versions
[INFO] running `Command { std: "docker" "create" "-v" "/var/lib/crater-agent-workspace/builds/worker-1/target:/opt/rustwide/target:rw,Z" "-v" "/var/lib/crater-agent-workspace/builds/worker-1/source:/opt/rustwide/workdir:ro,Z" "-v" "/var/lib/crater-agent-workspace/cargo-home:/opt/rustwide/cargo-home:ro,Z" "-v" "/var/lib/crater-agent-workspace/rustup-home:/opt/rustwide/rustup-home:ro,Z" "-e" "SOURCE_DIR=/opt/rustwide/workdir" "-e" "CARGO_TARGET_DIR=/opt/rustwide/target" "-e" "CARGO_HOME=/opt/rustwide/cargo-home" "-e" "RUSTUP_HOME=/opt/rustwide/rustup-home" "-w" "/opt/rustwide/workdir" "-m" "1610612736" "--user" "0:0" "--network" "none" "rustops/crates-build-env@sha256:d92eaeed33fa75130ca1ee6c8a01d1ffb62bac859dfdfb3450e3e5d1c0146529" "/opt/rustwide/cargo-home/bin/cargo" "+af3c6e733a40e671550e0f0f5aeecaa13772ba56" "metadata" "--no-deps" "--format-version=1", kill_on_drop: false }`
[INFO] [stderr] WARNING: Your kernel does not support swap limit capabilities or the cgroup is not mounted. Memory limited without swap.
[INFO] [stdout] 47b4f3e69b1fdb5b43c03fbe52c213cad6038e1cb5f82658500dce4c114d67ce
[INFO] running `Command { std: "docker" "start" "-a" "47b4f3e69b1fdb5b43c03fbe52c213cad6038e1cb5f82658500dce4c114d67ce", kill_on_drop: false }`
[INFO] running `Command { std: "docker" "inspect" "47b4f3e69b1fdb5b43c03fbe52c213cad6038e1cb5f82658500dce4c114d67ce", kill_on_drop: false }`
[INFO] running `Command { std: "docker" "rm" "-f" "47b4f3e69b1fdb5b43c03fbe52c213cad6038e1cb5f82658500dce4c114d67ce", kill_on_drop: false }`
[INFO] [stdout] 47b4f3e69b1fdb5b43c03fbe52c213cad6038e1cb5f82658500dce4c114d67ce
[INFO] running `Command { std: "docker" "create" "-v" "/var/lib/crater-agent-workspace/builds/worker-1/target:/opt/rustwide/target:rw,Z" "-v" "/var/lib/crater-agent-workspace/builds/worker-1/source:/opt/rustwide/workdir:ro,Z" "-v" "/var/lib/crater-agent-workspace/cargo-home:/opt/rustwide/cargo-home:ro,Z" "-v" "/var/lib/crater-agent-workspace/rustup-home:/opt/rustwide/rustup-home:ro,Z" "-e" "SOURCE_DIR=/opt/rustwide/workdir" "-e" "CARGO_TARGET_DIR=/opt/rustwide/target" "-e" "CARGO_INCREMENTAL=0" "-e" "RUST_BACKTRACE=full" "-e" "RUSTFLAGS=--cap-lints=forbid" "-e" "CARGO_HOME=/opt/rustwide/cargo-home" "-e" "RUSTUP_HOME=/opt/rustwide/rustup-home" "-w" "/opt/rustwide/workdir" "-m" "1610612736" "--user" "0:0" "--network" "none" "rustops/crates-build-env@sha256:d92eaeed33fa75130ca1ee6c8a01d1ffb62bac859dfdfb3450e3e5d1c0146529" "/opt/rustwide/cargo-home/bin/cargo" "+af3c6e733a40e671550e0f0f5aeecaa13772ba56" "check" "--frozen" "--all" "--all-targets" "--message-format=json", kill_on_drop: false }`
[INFO] [stderr] WARNING: Your kernel does not support swap limit capabilities or the cgroup is not mounted. Memory limited without swap.
[INFO] [stdout] cde55ebe7449b8352947bc5d9c906f3cefaf05fab916e274dce408838f9c7c2b
[INFO] running `Command { std: "docker" "start" "-a" "cde55ebe7449b8352947bc5d9c906f3cefaf05fab916e274dce408838f9c7c2b", kill_on_drop: false }`
[INFO] [stderr] warning: dependency (wasmer-runtime-core) specified without providing a local path, Git repository, or version to use. This will be considered an error in future versions
[INFO] [stderr]    Compiling libc v0.2.77
[INFO] [stderr]    Compiling serde v1.0.116
[INFO] [stderr]    Compiling cc v1.0.59
[INFO] [stderr]    Compiling semver-parser v0.7.0
[INFO] [stderr]    Compiling subtle v2.3.0
[INFO] [stderr]    Compiling arrayvec v0.5.1
[INFO] [stderr]    Compiling arrayref v0.3.6
[INFO] [stderr]    Compiling constant_time_eq v0.1.5
[INFO] [stderr]    Compiling target-lexicon v0.10.0
[INFO] [stderr]     Checking scopeguard v1.1.0
[INFO] [stderr]     Checking smallvec v1.4.2
[INFO] [stderr]     Checking hashbrown v0.9.0
[INFO] [stderr]     Checking wasmparser v0.51.4
[INFO] [stderr]     Checking hex v0.4.2
[INFO] [stderr]    Compiling generic-array v0.14.4
[INFO] [stderr]    Compiling indexmap v1.6.0
[INFO] [stderr]     Checking lock_api v0.3.4
[INFO] [stderr]    Compiling typenum v1.12.0
[INFO] [stderr]    Compiling semver v0.9.0
[INFO] [stderr]     Checking digest v0.8.1
[INFO] [stderr]    Compiling syn v1.0.41
[INFO] [stderr]    Compiling rustc_version v0.2.3
[INFO] [stderr]     Checking crypto-mac v0.8.0
[INFO] [stderr]     Checking digest v0.9.0
[INFO] [stderr]    Compiling blake3 v0.3.6
[INFO] [stderr]     Checking parking_lot_core v0.7.2
[INFO] [stderr]     Checking nix v0.15.0
[INFO] [stderr]     Checking errno v0.2.6
[INFO] [stderr]     Checking page_size v0.4.2
[INFO] [stderr]    Compiling wasmer-runtime-core v0.17.1
[INFO] [stderr]     Checking parking_lot v0.10.2
[INFO] [stderr]    Compiling serde_derive v1.0.116
[INFO] [stderr]     Checking serde_bytes v0.11.5
[INFO] [stderr]     Checking bincode v1.3.1
[INFO] [stderr]     Checking serde-bench v0.0.7
[INFO] [stderr]     Checking wasm2arm32 v0.1.0 (/opt/rustwide/workdir)
[INFO] [stdout] error[E0053]: method `do_early_trap` has an incompatible type for trait
[INFO] [stdout]    --> src/main.rs:513:5
[INFO] [stdout]     |
[INFO] [stdout] 513 |     unsafe fn do_early_trap(&self, data: Box<dyn Any + Send>) -> ! {
[INFO] [stdout]     |     ^^^^^^^^^^^^^^^^^^^^^^^^^^^^^^^^^^^^^^^^^^^^^^^^^^^^^^^^^^^^^^ expected enum `wasmer_runtime_core::error::RuntimeError`, found struct `Box`
[INFO] [stdout]     |
[INFO] [stdout]     = note: expected fn pointer `unsafe fn(&Arm32ExecutionContext, wasmer_runtime_core::error::RuntimeError) -> _`
[INFO] [stdout]                found fn pointer `unsafe fn(&Arm32ExecutionContext, Box<(dyn Any + Send + 'static)>) -> _`
[INFO] [stdout] 
[INFO] [stdout] 
[INFO] [stdout] error[E0053]: method `do_early_trap` has an incompatible type for trait
[INFO] [stdout]    --> src/main.rs:513:5
[INFO] [stdout]     |
[INFO] [stdout] 513 |     unsafe fn do_early_trap(&self, data: Box<dyn Any + Send>) -> ! {
[INFO] [stdout]     |     ^^^^^^^^^^^^^^^^^^^^^^^^^^^^^^^^^^^^^^^^^^^^^^^^^^^^^^^^^^^^^^ expected enum `wasmer_runtime_core::error::RuntimeError`, found struct `Box`
[INFO] [stdout]     |
[INFO] [stdout]     = note: expected fn pointer `unsafe fn(&Arm32ExecutionContext, wasmer_runtime_core::error::RuntimeError) -> _`
[INFO] [stdout]                found fn pointer `unsafe fn(&Arm32ExecutionContext, Box<(dyn Any + Send + 'static)>) -> _`
[INFO] [stdout] 
[INFO] [stdout] 
[INFO] [stdout] error[E0308]: mismatched types
[INFO] [stdout]    --> src/main.rs:514:36
[INFO] [stdout]     |
[INFO] [stdout] 514 |         fault::begin_unsafe_unwind(data)
[INFO] [stdout]     |                                    ^^^^ expected enum `wasmer_runtime_core::error::RuntimeError`, found trait object `dyn Any`
[INFO] [stdout]     |
[INFO] [stdout]     = note: expected struct `Box<wasmer_runtime_core::error::RuntimeError>`
[INFO] [stdout]                found struct `Box<(dyn Any + Send + 'static)>`
[INFO] [stdout] 
[INFO] [stdout] 
[INFO] [stdout] error[E0308]: mismatched types
[INFO] [stdout]    --> src/main.rs:514:36
[INFO] [stdout]     |
[INFO] [stdout] 514 |         fault::begin_unsafe_unwind(data)
[INFO] [stdout]     |                                    ^^^^ expected enum `wasmer_runtime_core::error::RuntimeError`, found trait object `dyn Any`
[INFO] [stdout]     |
[INFO] [stdout]     = note: expected struct `Box<wasmer_runtime_core::error::RuntimeError>`
[INFO] [stdout]                found struct `Box<(dyn Any + Send + 'static)>`
[INFO] [stdout] 
[INFO] [stdout] 
[INFO] [stdout] error: aborting due to 2 previous errors
[INFO] [stdout] 
[INFO] [stdout] 
[INFO] [stdout] error: aborting due to 2 previous errors
[INFO] [stdout] 
[INFO] [stdout] 
[INFO] [stdout] Some errors have detailed explanations: E0053, E0308.
[INFO] [stdout] 
[INFO] [stdout] For more information about an error, try `rustc --explain E0053`.
[INFO] [stdout] 
[INFO] [stdout] Some errors have detailed explanations: E0053, E0308.
[INFO] [stdout] 
[INFO] [stdout] For more information about an error, try `rustc --explain E0053`.
[INFO] [stdout] 
[INFO] [stderr] error: could not compile `wasm2arm32`.
[INFO] [stderr] 
[INFO] [stderr] To learn more, run the command again with --verbose.
[INFO] [stderr] warning: build failed, waiting for other jobs to finish...
[INFO] [stderr] error: build failed
[INFO] running `Command { std: "docker" "inspect" "cde55ebe7449b8352947bc5d9c906f3cefaf05fab916e274dce408838f9c7c2b", kill_on_drop: false }`
[INFO] running `Command { std: "docker" "rm" "-f" "cde55ebe7449b8352947bc5d9c906f3cefaf05fab916e274dce408838f9c7c2b", kill_on_drop: false }`
[INFO] [stdout] cde55ebe7449b8352947bc5d9c906f3cefaf05fab916e274dce408838f9c7c2b
